d. What is the remainder when m(-11) is divided by 17?
9
Let d(l) = -10*l - 25. Let v be d(-9). Let y = v + -53. What is the remainder when 35 is divided by y?
11
Suppose -5*b = 4*n - 205, 5*b = -0*b - 3*n + 205. Suppose -17*q + 12*q = 55. What is the remainder when b is divided by (-3)/1 + (3 - q)?
8
Let b(z) = z**3 + 7*z**2 + 5*z + 8. Suppose 17*m - 32*m = -585. What is the remainder when m is divided by b(-6)?
11
Suppose 4 = 4*v - 5*z - 46, -4*v - 4*z = -68. Suppose -13*w + 895 - 141 = 0. What is the remainder when w is divided by v?
13
Let u be ((-2)/(-2))/((-7)/(-56)). Suppose 0 = 5*h - 3*x - 17, -12 = -4*h + 4*x + u. Calculate the remainder when 7 is divided by h.
0
Let h(k) = 4*k**2 - 3*k - 4. Calculate the remainder when h(-3) is divided by 15.
11
Let j(s) = -5*s**3 + 2*s**2 + 2*s - 1. Let r be j(-2). Let m be ((-116)/(-8))/((-2)/4). Let n = r + m. What is the remainder when 53 is divided by n?
11
Suppose -2*z + 4*x + 32 = 0, -2*z + 5*x + 27 = -8. Calculate the remainder when (-2 - (3 - 9)) + 19 is divided by z.
3
What is the remainder when ((-2)/(-4))/((-11)/(-6226)) is divided by 26?
23
Let b(g) = -57*g**2 - 1. Let k be b(-1). Let p = 39 + k. Let t = 25 + p. Calculate the remainder when t is divided by 2.
0
Let k be (1*(-3)/(-6))/((-5)/950). Let n = 244 + k. Calculate the remainder when n is divided by 15.
14
Suppose 2*j - 5*u + 6 = -u, -3*j + 35 = 5*u. Suppose 2*g - 51 = j*y, 2*g + 5*y - 2 = -1. Calculate the remainder when g is divided by 8.
5
Let x = -140 - -149. What is the remainder when 48 is divided by x?
3
Let b be 6 + 0 + -4 + -13. Let r = b + 106. Calculate the remainder when r is divided by 12.
11
Suppose b - 4*p - 112 = 0, 5*b + 9*p - 514 = 6*p. Calculate the remainder when b is divided by 15.
14
Let j(l) = -l**3 + 20*l**2 - 19*l + 7. Suppose 0 = 2*p - 0*p - 38. What is the remainder when 26 is divided by j(p)?
5
Let m be (-294)/(-15) + (-6)/(-15). Suppose -m - 9 = -b. Calculate the remainder when b is divided by 15.
14
Suppose -14*x + 196 = -2*a - 16*x, -3*a + 3*x - 270 = 0. Let o be (52 + 1 - -2)/(-1). Let q = o - a. Calculate the remainder when q is divided by 10.
9
Suppose -3*x + 50 = -64. Let q = -582 + 594. Calculate the remainder when x is divided by q.
2
Let q(t) = -t**2 + 9*t + 7. Let l be q(9). Calculate the remainder when 46 is divided by (-7)/((-147)/30)*l.
6
Suppose 16 = 5*x - 9. Let z = x - 0. Suppose 0*n + 75 = z*n. What is the remainder when 27 is divided by n?
12
Suppose -4*k - v + 0*v = -1876, -5*v + 2360 = 5*k. Calculate the remainder when k is divided by 67.
66
Let g = 78 + -76. What is the remainder when 88 is divided by 9 + g + -6 + 2?
4
Calculate the remainder when 20 is divided by (-494)/(-57) + (-5)/3.
6
What is the remainder when (6/4)/(-3 + (-268)/(-88)) is divided by 18?
15
Let k = 391 - 351. Calculate the remainder when 95 is divided by k.
15
Let l(n) = -14*n + 1. Calculate the remainder when l(-5) is divided by -13 - (-95)/(23 - 18).
5
Let l(x) = x**2 + 7*x + 6. Let v be l(-6). Suppose -2*o + 5*o + 120 = v. Let t = o - -62. What is the remainder when t is divided by 8?
6
Suppose -148 = 39*n - 43*n. Calculate the remainder when n is divided by 8.
5
Let j(t) = -t**3 + 38*t**2 + 123*t + 33. Let d = 250 - 119. Calculate the remainder when d is divided by j(41).
32
Let g = 72 - 7. What is the remainder when g is divided by (-5 - -3)/(-8 + 100/15 + 1)?
5
Calculate the remainder when -5 + 1218/8 - (-2)/(-8) is divided by 30.
27
Let h(r) = r**2 - 30*r + 4. Let k be h(28). Let c = -22 - k. What is the remainder when 87 is divided by c?
27
What is the remainder when 102 is divided by (-8364)/(-287) - (-1)/(-7)?
15
Let b be 152/36 - 2/9. Suppose 191 = b*y + 43. Suppose n = 2*o - 43, -5*o + 3*n = -2*n - 120. What is the remainder when y is divided by o?
18
Suppose 42*b - 40*b = -5*k + 131, -5*b + 260 = -k. What is the remainder when 90 is divided by b?
37
Suppose -18 = -2*v - 2. Suppose -5*s = v - 48. Let w(j) = j + 14. Calculate the remainder when 63 is divided by w(s).
19
Suppose -2*f = -12 - 42. Suppose c + 2*v - 84 = 0, 331 + 285 = 6*c - 2*v. Calculate the remainder when c is divided by f.
19
Let p(d) = 2*d**2 - 52*d + 51. Let u(v) = -v - 3. Calculate the remainder when u(-5) is divided by p(1).
0
Suppose l + l = 46. Let c(z) = 6*z - 55. Let q be c(12). Suppose -q*n = -13*n - 2*d - 42, 3*d - 25 = -5*n. Calculate the remainder when l is divided by n.
7
Suppose s - 8 = -1. Let q(c) = -c**2 + 4*c + 8. What is the remainder when q(0) is divided by s?
1
What is the remainder when (950/(-57))/25*(-716 + -1) is divided by 37?
34
Let s = 3 - 4. Calculate the remainder when (-29 - (-1640)/60)/(5/(-126)) is divided by ((-1)/s)/(2/30).
12
Suppose 0 = -3*i - d + 314, 6*d = 5*i + 11*d - 510. Calculate the remainder when i is divided by 11.
7
Let n(k) = k**3 + 3*k**2 - 3*k - 1. Let t be n(-4). Let m(b) = -b**2 - 8*b + 8. What is the remainder when 6/(-4)*(-178)/3 is divided by m(t)?
20
Let z(h) = 2*h + 55. What is the remainder when z(0) is divided by 30?
25
Suppose -123*b - 225 = -138*b. Let w be (-662)/(-6) - 4/(-6). Suppose -w = -3*u - 30. What is the remainder when u is divided by b?
12
Suppose -2*t + 4*q = 274, -3*q - 504 = 2*t + 2*t. Let k = -58 - t. Let w(y) = y**3 + 7*y**2 + 5*y - 7. What is the remainder when k is divided by w(-5)?
17
Let y = 502 - 489. Calculate the remainder when 26 is divided by y.
0
Let c be 1*(2 - (2 + (1 - 3))). Suppose -c*b - 82 = -4*b. What is the remainder when 78 is divided by b?
37
Let v be 4 + -7 + 1 - -105. Suppose -j = 4*r - v, 4*r + 0*j - j = 105. What is the remainder when 49 is divided by r?
23
What is the remainder when 24 is divided by 2/(-21)*-14*6?
0
Let f(m) = -11*m + 10. Let n be f(9). Let a = 44 + n. Let w = -26 - a. Calculate the remainder when w is divided by 7.
5
Let a(c) = c**2 - 3*c - 2. Let w be a(9). What is the remainder when 4 - (-1 + 4 - w) is divided by 14?
11
Let f(w) = -w**3 + 8*w**2 - 6*w + 3. Let v be f(7). Let p = v - 18. Let k(r) = -3*r - 4. Calculate the remainder when 79 is divided by k(p).
19
Suppose -4*f = -3*k + 13, -4*k + 6 = -5*f - 10. Let w(a) = -13*a + 2. Suppose 28 = -0*m + 2*m. Calculate the remainder when w(f) is divided by m.
12
Let k = -11 - -21. Suppose -3*u = -0*u + 2*l - 185, 4*u + 4*l - 252 = 0. Calculate the remainder when u is divided by k.
9
Let a(o) = 8*o**2 + 3*o - 1. What is the remainder when 148 is divided by a(-2)?
23
Let i(q) = 16*q**2 - 4*q + 7*q - 4*q**2 - q**3 - 3. Calculate the remainder when i(12) is divided by 18.
15
Let u = -53 - -140. What is the remainder when u is divided by 25?
12
Let j be (-1)/2*2 - -116. Let h = -68 + j. Suppose -3*b = 20*b - 575. What is the remainder when h is divided by b?
22
Suppose 2*r - 10 = 0, -3*q + 385 = -2*r - 112. What is the remainder when q is divided by 17?
16
Let n(a) = a**2 + 5*a - 7. Calculate the remainder when 446 is divided by n(2).
5
Let k(d) = 2*d + 9. Let x be k(0). Suppose 4*j = 5*h - 24, 5*j - 35 = -3*h + x. Calculate the remainder when 11 is divided by h.
3
Suppose i - 6 = -4*u, 0*i + 5*i + 3*u - 81 = 0. Calculate the remainder when i is divided by 7.
4
Suppose 6*d = 83 - 11. Let s(x) = x**3 - 12*x**2 + 5*x - 9. Calculate the remainder when s(d) is divided by 9.
6
Let k = -1666 + 1775. What is the remainder when 318 is divided by k?
100
Let l(o) = o**2 - 96*o + 1447. Calculate the remainder when l(18) is divided by (1 - (-38)/8)*4.
20
Let f(b) = 4*b**3 + 4*b**2 - 3*b + 1. Suppose 10*d - 11 = 9*d. What is the remainder when f(2) is divided by d?
10
Let o(y) = -4*y + 1. Let j be o(-6). Suppose -5*v = p - 108, 5*p + j = 5*v - 95. Calculate the remainder when v is divided by ((-312)/91)/(8/(-28)).
10
Let d(b) = b + 6. Let w be d(-4). Calculate the remainder when 42 is divided by (2 + -18)/(w*(-1)/2).
10
Suppose 4*o = 20, b + 2*o - 564 = -3*o. What is the remainder when b is divided by 30?
29
Suppose 3*f - 5*i - 35 = 7, 42 = 3*f + 3*i. What is the remainder when 90 is divided by f?
6
Suppose 36*z = -2*z + 456. Calculate the remainder when 41 is divided by z.
5
Suppose -102 - 4 = -m. Let y(t) = -t + 27. Calculate the remainder when m is divided by y(0).
25
Let r(p) = 5*p**2 + p - 9. What is the remainder when r(-3) is divided by 21?
12
Calculate the remainder when ((